rime number?
False
Is 39341 a composite number?
False
Is 5899627 prime?
True
Is 2981753 a composite number?
False
Is 39673 composite?
True
Is 107419 a prime number?
False
Is 296363 composite?
False
Is 32831 composite?
False
Is 155003 a composite number?
False
Is 2644489 composite?
False
Is 302399 a prime number?
True
Is 40289 a prime number?
True
Is 17291 composite?
False
Is 28187 a prime number?
False
Is 263433 prime?
False
Is 78343 a composite number?
True
Is 737563 a composite number?
False
Is 479 prime?
True
Is 379 composite?
False
Is 112031 a prime number?
True
Is 5623 prime?
True
Is 6163 a prime number?
True
Is 128617 a composite number?
True
Is 159563 a composite number?
False
Is 54869 composite?
False
Is 147047 a prime number?
True
Is 7717 composite?
False
Is 401269 composite?
True
Is 18947 a prime number?
True
Is 414281 a prime number?
False
Is 33127 a composite number?
True
Is 3691 prime?
True
Is 86767 a prime number?
True
Is 46433 prime?
False
Is 50257 prime?
False
Is 7393 composite?
False
Is 211313 composite?
False
Is 68993 a prime number?
True
Is 221 a prime number?
False
Is 52667 composite?
False
Is 69353 a prime number?
False
Is 2159 a composite number?
True
Is 359539 a composite number?
False
Is 20101 a composite number?
False
Is 140797 prime?
True
Is 23239 a composite number?
True
Is 49727 composite?
False
Is 40646 composite?
True
Is 5807 a composite number?
False
Is 24439 a prime number?
True
Is 227405 prime?
False
Is 2085557 composite?
True
Is 32183 a prime number?
True
Is 10589 prime?
True
Is 37633 composite?
False
Is 123517 a prime number?
True
Is 10123 prime?
False
Is 6779 composite?
False
Is 1564703 a prime number?
False
Is 139987 prime?
True
Is 245849 prime?
True
Is 4987 composite?
False
Is 15013 composite?
False
Is 86837 prime?
True
Is 2801317 a prime number?
True
Is 420731 prime?
True
Is 122443 composite?
False
Is 565633 a prime number?
False
Is 3881 prime?
True
Is 27271 prime?
True
Is 155371 a prime number?
True
Is 1287249 prime?
False
Is 72161 composite?
False
Is 392603 prime?
False
Is 3017 a prime number?
False
Is 291253 composite?
False
Is 37493 prime?
True
Is 10843 prime?
False
Is 1371 prime?
False
Is 92054 composite?
True
Is 104513 composite?
False
Is 10661 composite?
True
Is 53855 prime?
False
Is 22577 composite?
True
Is 358811 a prime number?
True
Is 567561 a composite number?
True
Is 55951 composite?
True
Is 64199 prime?
False
Is 377 a composite number?
True
Is 602473 a composite number?
True
Is 246287 a prime number?
False
Is 3287 a prime number?
False
Is 5063 a composite number?
True
Is 8039 a prime number?
True
Is 14639 composite?
False
Is 44381 composite?
False
Is 751 a prime number?
True
Is 15493 composite?
False
Is 35081 composite?
False
Is 111721 a composite number?
False
Is 191641 prime?
False
Is 21439 composite?
True
Is 312841 composite?
False
Is 179359 a composite number?
True
Is 216467 prime?
False
Is 4385 a prime number?
False
Is 32569 composite?
False
Is 648953 a composite number?
False
Is 697033 a composite number?
False
Is 10237 prime?
False
Is 44071 a prime number?
True
Is 98773 a prime number?
True
Is 658763 a prime number?
False
Is 10837 a prime number?
True
Is 6131 composite?
False
Is 608539 prime?
False
Is 67819 composite?
False
Is 20221 prime?
False
Is 666599 a prime number?
True
Is 6385 composite?
True
Is 287783 prime?
True
Is 39397 composite?
False
Is 65957 a prime number?
True
Is 12037 a composite number?
False
Is 4751 prime?
True
Is 4313 composite?
True
Is 249209 composite?
True
Is 20857 composite?
False
Is 75209 a prime number?
True
Is 2910599 composite?
False
Is 420789 a prime number?
False
Is 614 a composite number?
True
Is 66083 a composite number?
False
Is 739 a composite number?
False
Is 176299 a composite number?
False
Is 257 prime?
True
Is 56697 a composite number?
True
Is 728599 a composite number?
True
Is 110549 composite?
True
Is 67565 a prime number?
False
Is 1152539 prime?
False
Is 90821 a prime number?
True
Is 194951 a composite number?
True
Is 1793 prime?
False
Is 50671 prime?
True
Is 23269 a prime number?
True
Is 39211 a composite number?
True
Is 3163 prime?
True
Is 7283 composite?
False
Is 9521 composite?
False
Is 87869 a prime number?
True
Is 11401 a prime number?
False
Is 15031 a prime number?
True
Is 9169 a composite number?
True
Is 15671 a composite number?
False
Is 7837 a composite number?
True
Is 49561 composite?
True
Is 683249 a prime number?
False
Is 26479 a prime number?
True
Is 6739 composite?
True
Is 2463 a prime number?
False
Is 418309 a composite number?
True
Is 21295 a composite number?
True
Is 81739 a prime number?
False
Is 100754 a composite number?
True
Is 9427 composite?
True
Is 9827 a prime number?
False
Is 1643161 a prime number?
False
Is 1115 prime?
False
Is 14243 composite?
False
Is 12197 a composite number?
False
Is 4751 a composite number?
False
Is 57053 prime?
False
Is 27049 a prime number?
False
Is 2012779 composite?
True
Is 37771 a prime number?
False
Is 45817 prime?
True
Is 16351 prime?
False
Is 232207 prime?
True
Is 22583 prime?
False
Is 50791 composite?
True
Is 41471 composite?
True
Is 46321 a prime number?
False
Is 9413 prime?
True
Is 590741 a prime number?
True
Is 19021 composite?
True
Is 59183 composite?
False
Is 58585 composite?
True
Is 88345 prime?
False
Is 203 composite?
True
Is 3781 prime?
False
Is 19121 prime?
True
Is 15859 a composite number?
False
Is 212307 a composite number?
True
Is 18779 prime?
False
Is 12497 prime?
True
Is 23755 a prime number?
False
Is 49519 a prime number?
False
Is 14351 composite?
True
Is 39499 prime?
True
Is 450473 composite?
False
Is 68911 a composite number?
True
Is 82165 composite?
True
Is 177577 composite?
True
Is 357933 a composite number?
True
Is 395849 composite?
False
Is 1965785 a prime number?
False
Is 5465 prime?
False
Is 10637 composite?
True
Is 5433 a composite number?
True
Is 5401 a composite number?
True
Is 541 composite?
False
Is 1193 a prime number?
True
Is 38549 prime?
False
Is 100535 composite?
True
Is 3223 a composite number?
True
Is 3881 a composite number?
False
Is 6051 composite?
True
Is 77137 a prime number?
True
Is 10231 a prime number?
False
Is 4379 a prime number?
False
Is 11113 prime?
True
Is 18583 composite?
False
Is 2441501 a prime number?
False
Is 15479 a prime number?
False
Is 72449 a composite number?
True
Is 1297909 composite?
True
Is 899611 composite?
False
Is 5501 composite?
False
Is 12307 prime?
False
Is 40805 prime?
False
Is 295727 prime?
True
Is 31529 prime?
False
Is 820163 composite?
False
Is 249373 a composite number?
True
Is 124843 a prime number?
False
Is 145877 prime?
False
Is 38297 a composite number?
True
Is 242989 a composite number?
False
Is 194079 composite?
True
Is 22531 composite?
False
Is 814439 a prime number?
False
Is 24281 a prime number?
True
Is 491021 a prime number?
False
Is 12283 a composite number?
True
Is 296909 composite?
False
Is 56861 a prime number?
False
Is 8219 composite?
False
Is 4631 composite?
True
Is 13799 composite?
False
Is 31 composite?
False
Is 445283 a prime number?
True
Is 30367 prime?
True
Is 282349 a prime number?
True
Is 8011 prime?
True
Is 6801 a composite number?
True
Is 833281 prime?
True
Is 31883 a prime number?
True
Is 232207 a composite number?
False
Is 227839 a prime number?
False
Is 8857 prime?
False
Is 3787 a composite number?
True
Is 48293 composite?
True
Is 1473523 prime?
False
Is 1326557 a prime number?
False
Is 64873 a composite number?
True
Is 53147 prime?
True
Is 206909 a prime number?
True
Is 38953 a prime number?
True
Is 30911 prime?
True
Is 987985 a composite number?
True
Is 30451 a composite number?
True
Is 533909 composite?
False
Is 858931 composite?
False
Is 1575187 prime?
True
Is 496079 a composite number?
False
Is 247003 a prime number?
False
Is 169399 composite?
False
Is 69347 composite?
True
Is 1502 composite?
True
Is 6487 prime?
False
Is 11699 composite?
False
Is 235945 a composite number?
True
Is 353047 composite?
False
Is 1409 a composite number?
False
Is 1037171 composite?
True
Is 64177 a composite number?
True
Is 3811 a prime number?
False
Is 341177 composite?
True
Is 90689 composite?
True
Is 404233 a composite number?
True
Is 31121 a prime number?
True
Is 19121 prime?
True
Is 222701 composit